ime factors of 1068631?
1068631
List the prime factors of 564119.
41, 13759
List the prime factors of 2510161.
109, 23029
List the prime factors of 3673340.
2, 5, 11, 59, 283
List the prime factors of 19191432.
2, 3, 13, 61511
List the prime factors of 973914.
2, 3, 37, 41, 107
List the prime factors of 13497599.
13497599
List the prime factors of 529624.
2, 239, 277
What are the prime factors of 431617?
431617
List the prime factors of 150260.
2, 5, 11, 683
List the prime factors of 241960.
2, 5, 23, 263
What are the prime factors of 365901?
3, 121967
What are the prime factors of 289036?
2, 11, 6569
What are the prime factors of 22314014?
2, 907, 12301
List the prime factors of 9215409.
3, 7, 438829
What are the prime factors of 11076310?
2, 5, 7, 158233
List the prime factors of 9990848.
2, 7, 29, 769
List the prime factors of 171628.
2, 107, 401
List the prime factors of 26034285.
3, 5, 131, 13249
List the prime factors of 326980.
2, 5, 16349
What are the prime factors of 3367239?
3, 101, 11113
What are the prime factors of 6694932?
2, 3, 23, 127, 191
List the prime factors of 365174.
2, 182587
What are the prime factors of 2217176?
2, 13, 21319
What are the prime factors of 69609?
3, 23203
What are the prime factors of 7145?
5, 1429
List the prime factors of 52905.
3, 5, 3527
What are the prime factors of 85430?
2, 5, 8543
What are the prime factors of 5860134?
2, 3, 7, 37, 419
What are the prime factors of 49432?
2, 37, 167
What are the prime factors of 282083?
29, 71, 137
What are the prime factors of 3026775?
3, 5, 40357
List the prime factors of 1516729.
29, 52301
What are the prime factors of 2036918?
2, 13, 157, 499
List the prime factors of 117951.
3, 39317
What are the prime factors of 613672?
2, 79, 971
What are the prime factors of 560591?
43, 13037
List the prime factors of 7169647.
7169647
List the prime factors of 11832935.
5, 17, 73, 1907
List the prime factors of 2123952.
2, 3, 44249
List the prime factors of 9168471.
3, 13, 8707
List the prime factors of 25822494.
2, 3, 277, 5179
What are the prime factors of 233441?
13, 17957
What are the prime factors of 2616919?
709, 3691
What are the prime factors of 10641155?
5, 7, 304033
What are the prime factors of 20099399?
37, 543227
What are the prime factors of 1498070?
2, 5, 7, 21401
What are the prime factors of 281385?
3, 5, 13, 37
What are the prime factors of 417862?
2, 208931
What are the prime factors of 21185539?
21185539
List the prime factors of 8543850.
2, 3, 5, 7, 79, 103
List the prime factors of 3575020.
2, 5, 43, 4157
List the prime factors of 428994.
2, 3, 23833
List the prime factors of 21355740.
2, 3, 5, 7, 17, 997
List the prime factors of 20615190.
2, 3, 5, 19, 59, 613
What are the prime factors of 10827875?
5, 29, 103
What are the prime factors of 13700432?
2, 856277
What are the prime factors of 9191835?
3, 5, 23, 83, 107
List the prime factors of 90332.
2, 11, 2053
List the prime factors of 558689.
47, 11887
List the prime factors of 210433.
163, 1291
List the prime factors of 6396914.
2, 1129, 2833
What are the prime factors of 148401?
3, 11, 1499
List the prime factors of 17775930.
2, 3, 5, 592531
What are the prime factors of 88931?
113, 787
List the prime factors of 636801.
3, 11, 23, 839
What are the prime factors of 32691184?
2, 2043199
List the prime factors of 30336993.
3, 17, 198281
What are the prime factors of 1190066?
2, 23, 41, 631
What are the prime factors of 1532434?
2, 43, 103, 173
What are the prime factors of 4732281?
3, 525809
List the prime factors of 4067283.
3, 11, 59, 2089
List the prime factors of 989293.
989293
What are the prime factors of 5165027?
7, 737861
List the prime factors of 25624714.
2, 23, 557059
List the prime factors of 500303.
677, 739
List the prime factors of 439348.
2, 7, 13, 17, 71
List the prime factors of 1426826.
2, 43, 47, 353
What are the prime factors of 2869245?
3, 5, 63761
What are the prime factors of 3459467?
11, 314497
List the prime factors of 17526814.
2, 107, 81901
What are the prime factors of 33399609?
3, 11133203
List the prime factors of 470519.
7, 67217
List the prime factors of 12596763.
3, 4198921
What are the prime factors of 2631507?
3, 877169
What are the prime factors of 2134493?
37, 57689
List the prime factors of 879894.
2, 3, 48883
List the prime factors of 667396.
2, 166849
List the prime factors of 2677419.
3, 521, 571
What are the prime factors of 230522?
2, 79, 1459
What are the prime factors of 158430?
2, 3, 5, 5281
What are the prime factors of 151413?
3, 41, 1231
List the prime factors of 1041965.
5, 208393
What are the prime factors of 7144476?
2, 3, 595373
What are the prime factors of 136665?
3, 5, 3037
List the prime factors of 1187502.
2, 3, 47, 4211
What are the prime factors of 883532?
2, 13, 1307
What are the prime factors of 460115?
5, 23, 4001
List the prime factors of 690890.
2, 5, 59, 1171
What are the prime factors of 67635?
3, 5, 167
List the prime factors of 1155210.
2, 3, 5, 7, 5501
What are the prime factors of 313609?
41, 7649
List the prime factors of 647107.
43, 101, 149
What are the prime factors of 436635?
3, 5, 31, 313
List the prime factors of 277019.
37, 7487
List the prime factors of 2917637.
2917637
List the prime factors of 1814748.
2, 3, 13, 11633
List the prime factors of 87013.
87013
List the prime factors of 884340.
2, 3, 5, 17
List the prime factors of 5176273.
5176273
List the prime factors of 15131534.
2, 11, 31, 2017
What are the prime factors of 2569933?
157, 16369
What are the prime factors of 279826?
2, 181, 773
List the prime factors of 3557028.
2, 3, 19, 15601
List the prime factors of 3022176.
2, 3, 31481
What are the prime factors of 2773130?
2, 5, 67, 4139
What are the prime factors of 2745146?
2, 167, 8219
What are the prime factors of 3059674?
2, 29, 71, 743
List the prime factors of 4054513.
43, 94291
List the prime factors of 2934524.
2, 23, 167, 191
What are the prime factors of 305809?
7, 79
List the prime factors of 695813.
191, 3643
List the prime factors of 19624.
2, 11, 223
List the prime factors of 84797.
19, 4463
What are the prime factors of 329309?
329309
What are the prime factors of 1280752?
2, 11, 19, 383
What are the prime factors of 961883?
13, 23, 3217
What are the prime factors of 2282852?
2, 11, 13, 307
What are the prime factors of 429257?
31, 61, 227
List the prime factors of 770238.
2, 3, 7, 6113
What are the prime factors of 174855?
3, 5, 11657
What are the prime factors of 9223818?
2, 3, 883, 1741
List the prime factors of 813556.
2, 23, 37, 239
What are the prime factors of 1019150?
2, 5, 11, 17, 109
List the prime factors of 7441879.
79, 94201
What are the prime factors of 532435?
5, 106487
What are the prime factors of 1704305?
5, 43, 7927
What are the prime factors of 158425?
5, 6337
What are the prime factors of 3371422?
2, 1685711
What are the prime factors of 13826107?
13826107
What are the prime factors of 233380?
2, 5, 7, 1667
What are the prime factors of 444295?
5, 17, 5227
What are the prime factors of 10017153?
3, 967, 1151
List the prime factors of 2439481.
11, 20161
List the prime factors of 171254.
2, 85627
What are the prime factors of 870985?
5, 174197
What are the prime factors of 11386669?
7, 232381
What are the prime factors of 3435927?
3, 11, 104119
List the prime factors of 16332408.
2, 3, 83, 911
List the prime factors of 1047002.
2, 11, 47591
List the prime factors of 151380.
2, 3, 5, 29
What are the prime factors of 1197641?
53, 59, 383
What are the prime factors of 5450408?
2, 137, 4973
What are the prime factors of 309722?
2, 7, 22123
List the prime factors of 863451.
3, 197, 487
List the prime factors of 2255861.
41, 55021
What are the prime factors of 638663?
638663
List the prime factors of 31309402.
2, 3593, 4357
What are the prime factors of 347614?
2, 173807
List the prime factors of 1448653.
41, 89, 397
List the prime factors of 709035.
3, 5, 47269
What are the prime factors of 530518?
2, 19, 23, 607
What are the prime factors of 396294?
2, 3, 257
List the prime factors of 3817145.
5, 763429
What are the prime factors of 1463051?
97, 15083
What are the prime factors of 249931?
11, 22721
What are the prime factors of 1066336?
2, 47, 709
List the prime factors of 843948